 Determine y(-4).
-29
Let l(y) = -8*y + 24. Give l(15).
-96
Let z(r) = r - 11. Determine z(5).
-6
Let x(h) = -h**2 + 19*h + 27. Determine x(18).
45
Let a(x) = x**3 - 11*x**2 - 9*x - 2. Give a(12).
34
Let z(i) = i**3 - 11*i**2 + 11*i + 2. Determine z(8).
-102
Let r(n) = 16*n - 90. Give r(8).
38
Let u(l) = l**2 - 4*l - 28. Calculate u(8).
4
Let s(x) = 19*x + 43. Determine s(-6).
-71
Let k(u) = 13*u + 53. Calculate k(-4).
1
Let i(r) = -2*r**3 - 90*r**2 - 86*r + 83. Calculate i(-44).
-5
Let l(u) = -u**2 + u - 42. What is l(6)?
-72
Let d(q) = q - 6. Give d(4).
-2
Let b(h) = -2*h + 33. Give b(7).
19
Let w(a) = -a**3 + 18*a**2 - 31*a - 14. What is w(16)?
2
Let c(m) = 3*m + 3. Give c(5).
18
Let i(t) = 3*t**2 - 51*t + 49. What is i(16)?
1
Let w(u) = u**3 - 7*u**2 - 9*u + 3. Calculate w(6).
-87
Let n(q) = q**3 - 6*q**2 - 7*q + 7. Determine n(7).
7
Let s(q) = 3*q**2 + 27*q + 38. Determine s(-7).
-4
Let w(f) = -3*f**3 + f**2 - 3*f + 1. Calculate w(2).
-25
Let c(x) = -x - 16. Calculate c(-7).
-9
Let t(m) = m**2 + 18*m + 22. Calculate t(-17).
5
Let i(j) = 2*j**3 - 3*j**2 + 5*j - 7. Give i(3).
35
Let l(g) = 3*g - 4. Give l(6).
14
Let p(r) = -r**2 - 9*r + 22. What is p(-11)?
0
Let b(m) = m**2 - 9*m + 7. Determine b(8).
-1
Let s(y) = 13*y - 124. Determine s(16).
84
Let o(t) = -7*t - 9. Determine o(-7).
40
Let v(k) = 2*k**3 + 16*k**2 + 17*k - 2. Calculate v(-7).
-23
Let m(k) = -3*k + 1. Give m(-10).
31
Let d(p) = -p**3 + 3*p**2 - p. What is d(3)?
-3
Let g(k) = -2*k**2 - 15*k - 8. Calculate g(-6).
10
Let s(a) = -3*a - 10. Calculate s(-5).
5
Let x(a) = a - 37. Determine x(17).
-20
Let r(g) = 2*g**2 - 24*g + 6. Give r(11).
-16
Let r(x) = x**2 - 4*x + 1. What is r(4)?
1
Let r(f) = -f**3 - 2*f**2 - 2*f - 1. What is r(-2)?
3
Let i(z) = z**3 + 2*z**2 - z - 12. What is i(-3)?
-18
Let s(v) = 2*v**2 - 4. Give s(-3).
14
Let l(w) = -2*w**3 + 4*w**2 - 4*w + 2. What is l(2)?
-6
Let c(u) = -5*u - 7. Give c(-5).
18
Let w(s) = -9*s + 84. What is w(9)?
3
Let b(u) = -u**3 + 3*u + 3. Calculate b(3).
-15
Let j(i) = -i**3 + i**2 - i + 5. Give j(4).
-47
Let l(y) = -y**3 + 7*y**2 + 8*y - 11. What is l(8)?
-11
Let u(i) = -i**3 + 6*i**2 + 9*i - 28. Determine u(7).
-14
Let d(b) = b - 15. Determine d(12).
-3
Let p(r) = r**3 + r**2 - r + 2. Calculate p(0).
2
Let m(k) = -k**3 - k**2 + 7*k - 17. Calculate m(-4).
3
Let f(z) = -z - 104. Determine f(-18).
-86
Let v(y) = -23*y - 273. Give v(-12).
3
Let g(v) = 2*v**2 + 35*v + 17. Calculate g(-17).
0
Let f(j) = -2*j**2 + j - 2. Calculate f(2).
-8
Let m(q) = 9*q + 3. Give m(-2).
-15
Let g(v) = v**2 + 7*v - 1551. What is g(36)?
-3
Let u(g) = -g**3 - 12*g**2 - 15*g - 4. What is u(-10)?
-54
Let t(j) = -33*j + 330. Give t(10).
0
Let r(k) = 18*k**2 - 360*k - 1. What is r(20)?
-1
Let m(l) = -l**3 - 14*l**2 - 15*l - 9. What is m(-13)?
17
Let c(y) = y**3 + 7*y**2 + 4*y + 1. Calculate c(-6).
13
Let m(n) = -27*n - 185. Determine m(-7).
4
Let j(t) = 6*t - 18. What is j(3)?
0
Let j(i) = 6*i - 55. Determine j(9).
-1
Let u(r) = r + 20. Determine u(-11).
9
Let r(w) = 7*w + 249. Determine r(-34).
11
Let w(u) = 7*u**2 + 1. Give w(1).
8
Let f(c) = -c**3 + 21*c**2 - 42*c - 25. Determine f(19).
-101
Let q(h) = 7*h**2 - 2. What is q(1)?
5
Let n(i) = i**3 + 19*i**2 - 3*i - 34. Calculate n(-19).
23
Let l(z) = 14*z - 57. Give l(4).
-1
Let m(w) = 59*w - 1. Calculate m(0).
-1
Let g(k) = 6*k**2 - 1. Calculate g(1).
5
Let v(r) = -r**2 + 48*r - 34. Determine v(47).
13
Let o(w) = -w**2 - 6*w - 10. Calculate o(0).
-10
Let q(i) = 8*i - 1. Determine q(-4).
-33
Let w(q) = -q**3 + 19*q**2 + 17*q + 14. Calculate w(20).
-46
Let k(s) = s**3 + 10*s**2 + 7*s - 23. Calculate k(-8).
49
Let n(o) = 6*o + 42. Determine n(-7).
0
Let x(v) = -21*v + 24. What is x(-8)?
192
Let h(n) = n**2 + 41*n + 202. Give h(-35).
-8
Let i(d) = -2*d + 16. Determine i(9).
-2
Let l(h) = -h**2 - 11*h + 24. Give l(-12).
12
Let r(a) = -a**2 + a + 28. What is r(0)?
28
Let n(u) = 2*u**2 - 12*u. Determine n(8).
32
Let z(j) = 8*j - 24. Calculate z(9).
48
Let i(k) = -k**3 - 4*k**2 - 17. Calculate i(-5).
8
Let q(v) = v**2 + 36*v + 70. Calculate q(-34).
2
Let f(x) = -x**3 - 7*x**2 - 4*x + 5. What is f(-7)?
33
Let k(f) = -15*f - 12. Calculate k(-7).
93
Let d(n) = -5*n + 464. Calculate d(92).
4
Let q(s) = s**2 + 15*s + 7. Determine q(-14).
-7
Let x(y) = -y - 45. Give x(-24).
-21
Let u(q) = -2*q + 34. Give u(18).
-2
Let g(v) = 2*v**3 + 9*v**2 + 14*v + 6. Calculate g(-4).
-34
Let w(f) = -19*f - 12. Give w(-8).
140
Let m(j) = -j**3 - 64*j**2 - 126*j - 124. Determine m(-62).
0
Let r(c) = 4*c - 210. What is r(51)?
-6
Let k(a) = -2*a + 11. Determine k(7).
-3
Let k(x) = -3*x - 4. What is k(2)?
-10
Let t(n) = -2*n**2 - 20*n + 4. Determine t(4).
-108
Let f(b) = -2*b**3 - 17*b**2 - 3*b + 28. Calculate f(-8).
-12
Let r(a) = -a**2 - 5*a + 10. Give r(-10).
-40
Let i(d) = -d**3 - 4*d**2 - 2*d - 1. Give i(-4).
7
Let v(a) = -5*a + 26. Determine v(13).
-39
Let m(c) = -c**3 + 4*c**2 - 4*c + 2. What is m(2)?
2
Let c(y) = -21*y - 147. What is c(-7)?
0
Let o(c) = 2*c + 5. Give o(-4).
-3
Let y(n) = n**2 + 2*n - 11. Give y(3).
4
Let y(f) = -f**2 + f - 3. What is y(-3)?
-15
Let k(v) = v**3 + 18*v**2 - v - 16. Give k(-18).
2
Let l(i) = 2*i**2 + 30*i + 32. Calculate l(-14).
4
Let q(n) = -2*n**2 - 5*n + 7. What is q(-6)?
-35
Let t(b) = b**3 + 13*b**2 + 15*b + 13. Determine t(-12).
-23
Let o(r) = 3*r**2 + 10*r + 9. Give o(-3).
6
Let v(m) = -5*m**2 + 28*m + 8. Determine v(6).
-4
Let j(o) = 17*o - 2. Give j(-5).
-87
Let b(p) = -p**2 - 2*p + 1. What is b(-2)?
1
Let y(w) = -4*w - 7. Determine y(0).
-7
Let m(t) = -t**3 - 8*t**2 + 3*t - 11. Determine m(-6).
-101
Let l(j) = j**3 - 5*j**2 - 5*j + 10. Give l(4).
-26
Let o(d) = d**2 + 4*d + 3. Give o(-5).
8
Let i(h) = h**2 - 2*h - 3. Calculate i(6).
21
Let x(t) = t**3 - 8*t**2 + 15*t - 7. What is x(5)?
-7
Let s(k) = 18*k - 220. Determine s(11).
-22
Let x(m) = 26*m**2 + 3*m + 5. Give x(-2).
103
Let u(a) = -a**3 - 2*a**2 + 2*a + 5. Give u(-4).
29
Let t(u) = u**2 + u - 6. Give t(0).
-6
Let b(x) = -2*x + 4. Give b(5).
-6
Let m(c) = 2*c + 33. Calculate m(-5).
23
Let j(z) = -z**3 + 6*z**2 - 3*z - 9. Determine j(4).
11
Let r(t) = t**3 + 32*t**2 + 60*t - 4. Determine r(-30).
-4
Let o(q) = -q**3 + 15*q**2 - 16*q + 11. Calculate o(14).
-17
Let q(u) = -3*u - 18. Calculate q(-3).
-9
Let t(f) = -f**3 - 9*f**2 + 8*f + 108. Determine t(-8).
-20
Let h(s) = -11*s**3 + s**2 - 1. What is h(1)?
-11
Let i(a) = -a**2 - 29*a - 117. What is i(-24)?
3
Let j(q) = 4*q + 29. What is j(-9)?
-7
Let x(b) = 25*b**2 - 1. Determine x(1).
24
Let r(i) = -32*i + 2. Calculate r(3).
-94
Let o(x) = x**3 - 15*x**2 + 25*x - 17. Calculate o(13).
-30
Let l(a) = -a**2 - 2*a - 1. Calculate l(-4).
-9
Let i(a) = a**2 - 16*a + 12. Calculate i(17).
29
Let r(s) = -4*s - 165. Give r(0).
-165
Let v(y) = 9*y - 2. Give v(1).
7
Let o(d) = -d**3 + 18*d**2 + 2*d - 37. What is o(18)?
-1
Let j(c) = c**3 + 4*c**2 - 12*c - 4. Give j(-7).
-67
Let z(y) = y**3 + y**2 - 5*y - 5. Determine z(4).
55
Let t(q) = 3*q**3 + q**2 - 5*q - 5. Give t(-2).
-15
Let a(u) = u**3 - 11*u**2 + 13*u - 11. Calculate a(10).
19
Let w(h) = h**2 - 3*h + 1. Calculate w(6).
19
Let g(v) = -6*v + 87. Calculate g(16).
-9
Let d(a) = -2*a - 9. Determine d(-4).
-1
Let b(c) = -c**3 + c**2 - c + 64. What is b(0)?
64
Let m(p) = 4*p. Determine m(-2).
-8
Let z(t) = t**3 + 11*t**2 + 10*t - 2. Determine z(-10).
-2
Let n(s) = 30*s + 21. Give n(-1).
-9
Let z(h) = -7*h + 3. Determine z(-2).
17
Let x(n) = -6*n**3 + 2*n - 1. Determine x(1).
-5
Let d(b) = 28*b + 482. Calculate d(-17).
6
Let z(c) = 3*c**2 + 4*c - 7. Give z(-4).
25
Let i(n) = 6*n + 52. Calculate i(-7).
10
Let a(l) = 6*l**3 + 3*l**2 + l. Determine a(-1).
-4
Let b(f) = 30*f**3 + f**2 - 1. Calculate b(-1).
-30
Let l(p) = p**3 + 3*p**2 + 5*p + 2. Give l(-4).
-34
Let d(l) = 2*l**3 - 5*l**2 - 3. Give d(4).
45
Let h(r) = -r**2 - 15*r - 6. Give h(-7).
50
Let k(v) = 2*v**2 - 4*v + 20. Determine k(0).
20
Let b(l) = -l**2 + 27*l - 40. Give b(25).
10
Let n(l) = l**2 - 11*l + 8. What is n(10)?
-2
Let j(y) = y**3 + 12*y**2 + 33*y - 4. Calculate j(-6).
14
Let x(v) = v**3 + v**2 + v - 70. Calculate x(0).
-70
Let b(c) = c - 24. Determine b(12).
-12
Let j(a) = -2*a**2 + 101*a - 56. Give j(50).
-6
Let p(d) = d**2 + 26. What is p(0)?
26
Let g(z) = -5*z + 1. Calculate g(1)